{"id":91,"date":"2013-11-22T17:54:35","date_gmt":"2013-11-22T17:54:35","guid":{"rendered":"http:\/\/osnovnaskolakrk.hr\/dobrinj\/?page_id=91"},"modified":"2025-09-01T19:29:30","modified_gmt":"2025-09-01T19:29:30","slug":"kalendar-skolske-godine","status":"publish","type":"page","link":"https:\/\/os-omisalj.hr\/ps-dobrinj\/kalendar-skolske-godine\/","title":{"rendered":"Kalendar teku\u0107e \u0161kolske godine 2025.\/2026."},"content":{"rendered":"\n<p>Nastavna 2025.\/2026. godine po\u010dinje 8. rujna 2025., a zavr\u0161ava 12. lipnja 2026. Ustrojava se u dva polugodi\u0161ta: prvo \u0107e trajati od 8. rujna do 23. prosinca 2025. godine, a drugo od 12. sije\u010dnja do 12. lipnja 2026. godine.<\/p>\n\n\n\n<p>Novost je ukidanje jesenskih i drugog dijela zimskih praznika i da se oni izvode u jednom dijelu. Praznici u 2025.\/2026. raspore\u0111eni su na sljede\u0107i na\u010din:<\/p>\n\n\n\n<ul>\n<li><strong>zimski praznici\u00a0<\/strong>po\u010dinju 24. prosinca 2025. godine i traju do 9. sije\u010dnja 2026. godine, s tim da nastava po\u010dinje 12. sije\u010dnja 2026. godine<\/li>\n\n\n\n<li><strong>proljetni praznici<\/strong>\u00a0po\u010dinju 30. o\u017eujka 2026. godine i zavr\u0161avaju 6. travnja 2026 . godine, s tim da nastava po\u010dinje 7. travnja 2026. godine<\/li>\n\n\n\n<li><strong>ljetni praznici<\/strong>\u00a0po\u010dinju 15. lipnja 2026. godine<\/li>\n<\/ul>\n","protected":false},"excerpt":{"rendered":"<p>Nastavna 2025.\/2026. godine po\u010dinje 8. rujna 2025., a zavr\u0161ava 12. lipnja 2026. Ustrojava se u dva polugodi\u0161ta: prvo \u0107e trajati od 8. rujna do 23. prosinca 2025. godine, a drugo od 12. sije\u010dnja do 12. lipnja 2026. godine. Novost je &hellip; <a href=\"https:\/\/os-omisalj.hr\/ps-dobrinj\/kalendar-skolske-godine\/\">Nastavi \u010ditati <span class=\"meta-nav\">&rarr;<\/span><\/a><\/p>\n","protected":false},"author":2,"featured_media":0,"parent":0,"menu_order":0,"comment_status":"closed","ping_status":"open","template":"","meta":{"footnotes":""},"_links":{"self":[{"href":"https:\/\/os-omisalj.hr\/ps-dobrinj\/wp-json\/wp\/v2\/pages\/91"}],"collection":[{"href":"https:\/\/os-omisalj.hr\/ps-dobrinj\/wp-json\/wp\/v2\/pages"}],"about":[{"href":"https:\/\/os-omisalj.hr\/ps-dobrinj\/wp-json\/wp\/v2\/types\/page"}],"author":[{"embeddable":true,"href":"https:\/\/os-omisalj.hr\/ps-dobrinj\/wp-json\/wp\/v2\/users\/2"}],"replies":[{"embeddable":true,"href":"https:\/\/os-omisalj.hr\/ps-dobrinj\/wp-json\/wp\/v2\/comments?post=91"}],"version-history":[{"count":23,"href":"https:\/\/os-omisalj.hr\/ps-dobrinj\/wp-json\/wp\/v2\/pages\/91\/revisions"}],"predecessor-version":[{"id":6435,"href":"https:\/\/os-omisalj.hr\/ps-dobrinj\/wp-json\/wp\/v2\/pages\/91\/revisions\/6435"}],"wp:attachment":[{"href":"https:\/\/os-omisalj.hr\/ps-dobrinj\/wp-json\/wp\/v2\/media?parent=91"}],"curies":[{"name":"wp","href":"https:\/\/api.w.org\/{rel}","templated":true}]}}

Kalendar tekuće školske godine 2025./2026.

<p>Nastavna 2025./2026. godine počinje 8. rujna 2025., a završava 12. lipnja 2026. Ustrojava se u dva polugodišta: prvo će trajati od 8. rujna do 23. prosinca 2025. godine, a drugo od 12. siječnja do 12. lipnja 2026. godine.</p>



<p>Novost je ukidanje jesenskih i drugog dijela zimskih praznika i da se oni izvode u jednom dijelu. Praznici u 2025./2026. raspoređeni su na sljedeći način:</p>



<ul>
<li><strong>zimski praznici </strong>počinju 24. prosinca 2025. godine i traju do 9. siječnja 2026. godine, s tim da nastava počinje 12. siječnja 2026. godine</li>



<li><strong>proljetni praznici</strong> počinju 30. ožujka 2026. godine i završavaju 6. travnja 2026 . godine, s tim da nastava počinje 7. travnja 2026. godine</li>



<li><strong>ljetni praznici</strong> počinju 15. lipnja 2026. godine</li>
</ul>

<p>Nastavna 2025./2026. godine počinje 8. rujna 2025., a završava 12. lipnja 2026. Ustrojava se u dva polugodišta: prvo će trajati od 8. rujna do 23. prosinca 2025. godine, a drugo od 12. siječnja do 12. lipnja 2026. godine. Novost je &hellip; <a href="https://os-omisalj.hr/ps-dobrinj/kalendar-skolske-godine/">Nastavi čitati <span class="meta-nav">&rarr;</span></a></p>
