{"id":2375,"date":"2017-10-10T07:13:27","date_gmt":"2017-10-10T07:13:27","guid":{"rendered":"http:\/\/os-omisalj.hr\/ps-dobrinj\/?page_id=2375"},"modified":"2025-10-02T07:43:27","modified_gmt":"2025-10-02T07:43:27","slug":"raspored-informacija-za-roditelje","status":"publish","type":"page","link":"https:\/\/os-omisalj.hr\/ps-dobrinj\/raspored-informacija-za-roditelje\/","title":{"rendered":"RASPORED INFORMACIJA ZA RODITELJE"},"content":{"rendered":"<table style=\"height: 767px;\" width=\"581\">\n<tbody>\n<tr>\n<td style=\"text-align: center;\" colspan=\"3\" width=\"448\">RASPORED INDIVIDUALNIH RAZGOVORA<\/td>\n<\/tr>\n<tr>\n<td>IME I PREZIME<\/td>\n<td>DAN<\/td>\n<td>SAT<\/td>\n<\/tr>\n<tr>\n<td>Martina Rade\u0161i\u0107<\/td>\n<td>\u010detvrtak<\/td>\n<td>2.sat (8:20 &#8211; 9:05)<\/td>\n<\/tr>\n<tr>\n<td>Miranda Deren\u010dinovi\u0107<\/td>\n<td>srijeda<\/td>\n<td>6.sat (12:00 &#8211; 12:45)<\/td>\n<\/tr>\n<tr>\n<td>Nariman Pava\u010di\u0107<\/td>\n<td>utorak<\/td>\n<td>3.sat (9:20 &#8211; 10:05)<\/td>\n<\/tr>\n<tr>\n<td>Ana Valkovi\u0107<\/td>\n<td>utorak<\/td>\n<td>2.sat (8:20 &#8211; 9:05)<\/td>\n<\/tr>\n<tr>\n<td>Nikolina \u0106uk<\/td>\n<td>ponedjeljak<\/td>\n<td>4.sat (10:20 -11:05)<\/td>\n<\/tr>\n<tr>\n<td>Maja Polonijo<\/td>\n<td>\u010detvrtak<\/td>\n<td>3.sat (9:20 -10:05)<\/td>\n<\/tr>\n<tr>\n<td>Iva Dujmovi\u0107<\/td>\n<td>utorak<\/td>\n<td>4.sat (10:20 -11:05)<\/td>\n<\/tr>\n<tr>\n<td>Krunoslav \u010culjat<\/td>\n<td>ponedjeljak<\/td>\n<td>3.sat (9:20 -10:05)<\/td>\n<\/tr>\n<tr>\n<td>\u017deljka Komlenac<\/td>\n<td>petak<\/td>\n<td>7.sat (12:50 -13:30)<\/td>\n<\/tr>\n<tr>\n<td>Sandra Jurkovi\u0107<\/td>\n<td>\u010detvrtak<\/td>\n<td>3.sat ( 9:05 &#8211; 9:30)<\/td>\n<\/tr>\n<tr>\n<td>Eda Jozipovi\u0107<\/td>\n<td>\u010detvrtak<\/td>\n<td>4.sat (10.20 -11.05)<\/td>\n<\/tr>\n<tr>\n<td>Martina Bambi\u0107<\/td>\n<td>\u010detvrtak<\/td>\n<td>6.sat (12:00 &#8211; 12:45)<\/td>\n<\/tr>\n<tr>\n<td>Judita Boji\u0107<\/td>\n<td>srijeda<\/td>\n<td>2.sat (8:20 &#8211; 9:05)<\/td>\n<\/tr>\n<tr>\n<td>Lucija \u0160arini\u0107<\/td>\n<td>ponedjeljak<\/td>\n<td>7.sat (12:50 &#8211; 13:30)<\/td>\n<\/tr>\n<tr>\n<td>Luka Savin<\/td>\n<td>utorak<\/td>\n<td>3.sat (9:20 -10.05)<\/td>\n<\/tr>\n<tr>\n<td>Olivera Ver\u0161i\u0107<\/td>\n<td>srijeda<\/td>\n<td>2.sat (8:20 -9:05)<\/td>\n<\/tr>\n<tr>\n<td>Leo Brnabi\u0107<\/td>\n<td>ponedjeljak<\/td>\n<td>2.sat (8:20 &#8211; 9:05)<\/td>\n<\/tr>\n<tr>\n<td>Alma \u010cak\u0161evi\u0107<\/td>\n<td>utorak<\/td>\n<td>5.sat (11:10 -11:55)<\/td>\n<\/tr>\n<tr>\n<td>Teodora Tomljenovi\u0107<\/td>\n<td>\u010detvrtak<\/td>\n<td>5.sat (11:10 &#8211; 11:55)<\/td>\n<\/tr>\n<\/tbody>\n<\/table>\n<p>Ivana F. Smodej\u00a0 \u00a0 \u00a0 \u00a0 \u00a0 \u00a0 \u00a0 \u00a0 \u00a0 \u00a0 \u00a0 \u00a0 \u00a0 \u00a0 \u00a0 petak\u00a0 \u00a0 \u00a0 \u00a0 \u00a0 \u00a0 \u00a0 \u00a0 \u00a0 \u00a0 \u00a0 \u00a0 5.sat\u00a0 (11:10 &#8211; 11:55)<\/p>\n<hr \/>\n<p>Fran Krsto Hrabri\u0107\u00a0 \u00a0 \u00a0 \u00a0 \u00a0 \u00a0 \u00a0 \u00a0 \u00a0 \u00a0 \u00a0 \u00a0 \u00a0 \u00a0petak\u00a0 \u00a0 \u00a0 \u00a0 \u00a0 \u00a0 \u00a0 \u00a0 \u00a0 \u00a0 \u00a0 3.sat (9:20 &#8211; 10:05)<\/p>\n<hr \/>\n<p>&nbsp;<\/p>\n","protected":false},"excerpt":{"rendered":"<p>RASPORED INDIVIDUALNIH RAZGOVORA IME I PREZIME DAN SAT Martina Rade\u0161i\u0107 \u010detvrtak 2.sat (8:20 &#8211; 9:05) Miranda Deren\u010dinovi\u0107 srijeda 6.sat (12:00 &#8211; 12:45) Nariman Pava\u010di\u0107 utorak 3.sat (9:20 &#8211; 10:05) Ana Valkovi\u0107 utorak 2.sat (8:20 &#8211; 9:05) Nikolina \u0106uk ponedjeljak 4.sat &hellip; <a href=\"https:\/\/os-omisalj.hr\/ps-dobrinj\/raspored-informacija-za-roditelje\/\">Nastavi \u010ditati <span class=\"meta-nav\">&rarr;<\/span><\/a><\/p>\n","protected":false},"author":2,"featured_media":0,"parent":0,"menu_order":0,"comment_status":"closed","ping_status":"closed","template":"","meta":{"footnotes":""},"_links":{"self":[{"href":"https:\/\/os-omisalj.hr\/ps-dobrinj\/wp-json\/wp\/v2\/pages\/2375"}],"collection":[{"href":"https:\/\/os-omisalj.hr\/ps-dobrinj\/wp-json\/wp\/v2\/pages"}],"about":[{"href":"https:\/\/os-omisalj.hr\/ps-dobrinj\/wp-json\/wp\/v2\/types\/page"}],"author":[{"embeddable":true,"href":"https:\/\/os-omisalj.hr\/ps-dobrinj\/wp-json\/wp\/v2\/users\/2"}],"replies":[{"embeddable":true,"href":"https:\/\/os-omisalj.hr\/ps-dobrinj\/wp-json\/wp\/v2\/comments?post=2375"}],"version-history":[{"count":32,"href":"https:\/\/os-omisalj.hr\/ps-dobrinj\/wp-json\/wp\/v2\/pages\/2375\/revisions"}],"predecessor-version":[{"id":6516,"href":"https:\/\/os-omisalj.hr\/ps-dobrinj\/wp-json\/wp\/v2\/pages\/2375\/revisions\/6516"}],"wp:attachment":[{"href":"https:\/\/os-omisalj.hr\/ps-dobrinj\/wp-json\/wp\/v2\/media?parent=2375"}],"curies":[{"name":"wp","href":"https:\/\/api.w.org\/{rel}","templated":true}]}}