{"id":167,"date":"2013-11-23T10:25:09","date_gmt":"2013-11-23T10:25:09","guid":{"rendered":"http:\/\/osnovnaskolakrk.hr\/dobrinj\/?page_id=167"},"modified":"2023-01-31T14:54:47","modified_gmt":"2023-01-31T14:54:47","slug":"povijest-skole","status":"publish","type":"page","link":"https:\/\/os-omisalj.hr\/ps-dobrinj\/primjer-stranice-2\/povijest-skole\/","title":{"rendered":"Povijest \u0161kole"},"content":{"rendered":"<p style=\"text-align: right; font-family: Arial, Helvetica, sans-serif;\">\n<p style=\"text-align: right; font-family: Arial, Helvetica, sans-serif;\">\n<p><a href=\"https:\/\/os-omisalj.hr\/ps-dobrinj\/wp-content\/uploads\/2015\/03\/gradnja.jpg\"><img loading=\"lazy\" decoding=\"async\" class=\"size-full wp-image-759 aligncenter\" style=\"border: 0px currentColor;\" src=\"https:\/\/os-omisalj.hr\/ps-dobrinj\/wp-content\/uploads\/2015\/03\/gradnja.jpg\" alt=\"gradnja\" width=\"217\" height=\"221\" \/><\/a><\/p>\n<h3 style=\"text-align: center;\">POVIJEST \u0160KOLE DOBRINJ<\/h3>\n<p>Prva redovna \u0161kola u Dobrinju po\u010dela je s radom u studenome 1841. godine u ku\u0107i \u017eupnika Antuna Kirin\u010di\u0107a (starijeg) koji je ujedno bio i prvi u\u010ditelj.<\/p>\n<p>\u0160kola je 1841.\u00a0 dobila javni zna\u010daj i od privatne pu\u010dke \u0161kole postala ob\u0107om pu\u010dkom \u0161kolom. na poha\u0111anje \u0161kole bial su obavezna djeca iz mjesta: Dobrinj, Hlapa, Soline, Klimno, \u017destilac, \u017dupanje, Gostinjac, Sveti Vid, Sveti Ivan, Tribulje i jedan dio Krasa. \u0160kolske godine 1842\/1843. osnovana je nedjeljna \u0161kola ili opetovnica. \u0160kolu su poha\u0111ali dje\u010daci od 6 do 12 godina u prvom ni\u017eem te\u010daju i dje\u010daci od 8 do 14 godina u drugom vi\u0161em te\u010daju.<\/p>\n<p>1847. godine sagra\u0111ena je \u0161kolska zgrada do zvonika. Te godine u \u0161kolu su upisane i djevoj\u010dice, a imenovana je i prva u\u010diteljica Nikolina Depikolozvane. Sve do 1847. godine u\u010ditelji su bili isklju\u010divo doma\u0107i sve\u0107enici.<\/p>\n<p>Naredbom namjesni\u0161tva u Trstu 1869. prestaje crkvena uprava u \u0161kolstvu, te svi \u0161kolski poslovi prelaze u cijelosti na novoosnovano Pokrajinsko ili zemaljsko \u0161kolsko vije\u0107e za Istru sa sjedi\u0161tem u Pore\u010du u \u010dijem su sastavu i \u0161kole na Krku.<\/p>\n<p>1944. sru\u0161ena je \u0161kolska zgrada zajedno sa zvonikom.<\/p>\n<p>Nakon rata popravljena je \u0161kolska zgrada u kojoj su bili u\u010diteljski stanovi i pretvorena u u\u010dionice. Na temeljima stare \u0161kole 1950. sagra\u0111en je Zadru\u017eni dom i nove u\u010dionice.<\/p>\n<p>1956\/57. \u0161estogodi\u0161nja \u0161kola dobrinj pretvorena je u osmogodi\u0161nju. Otvoren je 7. razred koji polaze u\u010denici iz Polja, Risike, Krasa i Su\u017eana. U\u010denici iz Garice na zamolbu \u0161kolskog odbora Garice upu\u0107eni su u \u0161kolu u Vrbniku.<\/p>\n<p>Zbog pove\u0107anja broja u\u010denika 1858\/59. iznajmljena je od OPZ-e Dobrinj i druga u\u010dionica u Zadru\u017enom domu. Rad se odvija u \u010detiri u\u010dionice &#8211; \u010detiri vi\u0161a odjeljenja prije podne i dvani\u017ea poslije podne.<\/p>\n<p>Reorganizacijom \u0161kolske mre\u017ee 1961\/62. \u0161kola Dobrinj postaje podru\u010dno odjeljenje \u0161kole Duba\u0161nica. Na po\u010detku \u0161kolske godine 1975\/76. dolazi do ponovne reorganizacije \u0161kolske mre\u017ee. Ukida se osmorazredna \u0161kola Dobrinj, tako da u Dobrinju ostaju samo \u010detiri mla\u0111a razreda a u\u010denici vi\u0161ih razreda putuju u Vrbnik ili Malinsku. \u0160kola Dobrinj postaje podru\u010dno odjeljenje \u0161kole Vrbnik. radi se u dvije zgrade, a u svakoj po dvije u\u010dionice.<\/p>\n<p>Na po\u010detku\u00a0 1976. osniva se jedinstvena osnovna \u0161kola &#8220;17.travanj&#8221; sa sjedi\u0161tem u Krku. U tu su se \u0161kolu udru\u017eile \u0161kole Ba\u0161ka, Krk, Malinska Duba\u0161nica, Punat, Omi\u0161alj i Vrbnik sa svojim podru\u010dnim odjeljenjima. Svaka \u0161kola ima svojeg voditelja.\u00a0 Dan \u0161kole je 17. travnja.<\/p>\n<p>1987\/88. zbog pove\u0107anja u\u010denika u P\u0160 Dobrinj ukidaju se kombinirana odjeljenja.<\/p>\n<p>1991. \u0161kola mjenja naziv iz &#8220;17. travnja&#8221; u Osnova \u0161kola &#8220;Fran Krsto Frankopan&#8221; a dan \u0161kole obilje\u017eava se 30. travnja.<\/p>\n<p>1992. sve\u010dano je obilje\u017eeno 150 godina redovitog rada \u0161kole Dobrinj i tom progodom \u0161kolu Dobrinj posjetio je doministar Ministarstva prosvjete i kulture RH Ivo Zalar. 1998. \u0161kolu je posjetila ministrica prosvjete i \u0161porta RH prof. Ljilja Voki\u0107. Tom prigodom zatra\u017eena je suglasnost za izgradnju nove \u0161kolske zgrade.<\/p>\n<p>U listopadu 2003. postavljeni je temeljni kamen za novu \u0161kolsku zgradu.<\/p>\n<p style=\"text-align: center;\"><img loading=\"lazy\" decoding=\"async\" class=\"aligncenter\" style=\"border: 0px currentColor;\" src=\"https:\/\/os-omisalj.hr\/ps-dobrinj\/wp-content\/uploads\/2015\/03\/zajedno-300x39.png\" alt=\"zajedno\" width=\"300\" height=\"39\" \/><\/p>\n<p><span style=\"font-size: medium;\">\u00a0<\/span><\/p>\n","protected":false},"excerpt":{"rendered":"<p>POVIJEST \u0160KOLE DOBRINJ Prva redovna \u0161kola u Dobrinju po\u010dela je s radom u studenome 1841. godine u ku\u0107i \u017eupnika Antuna Kirin\u010di\u0107a (starijeg) koji je ujedno bio i prvi u\u010ditelj. \u0160kola je 1841.\u00a0 dobila javni zna\u010daj i od privatne pu\u010dke \u0161kole &hellip; <a href=\"https:\/\/os-omisalj.hr\/ps-dobrinj\/primjer-stranice-2\/povijest-skole\/\">Nastavi \u010ditati <span class=\"meta-nav\">&rarr;<\/span><\/a><\/p>\n","protected":false},"author":2,"featured_media":0,"parent":1736,"menu_order":0,"comment_status":"closed","ping_status":"closed","template":"","meta":{"footnotes":""},"_links":{"self":[{"href":"https:\/\/os-omisalj.hr\/ps-dobrinj\/wp-json\/wp\/v2\/pages\/167"}],"collection":[{"href":"https:\/\/os-omisalj.hr\/ps-dobrinj\/wp-json\/wp\/v2\/pages"}],"about":[{"href":"https:\/\/os-omisalj.hr\/ps-dobrinj\/wp-json\/wp\/v2\/types\/page"}],"author":[{"embeddable":true,"href":"https:\/\/os-omisalj.hr\/ps-dobrinj\/wp-json\/wp\/v2\/users\/2"}],"replies":[{"embeddable":true,"href":"https:\/\/os-omisalj.hr\/ps-dobrinj\/wp-json\/wp\/v2\/comments?post=167"}],"version-history":[{"count":1,"href":"https:\/\/os-omisalj.hr\/ps-dobrinj\/wp-json\/wp\/v2\/pages\/167\/revisions"}],"predecessor-version":[{"id":2423,"href":"https:\/\/os-omisalj.hr\/ps-dobrinj\/wp-json\/wp\/v2\/pages\/167\/revisions\/2423"}],"up":[{"embeddable":true,"href":"https:\/\/os-omisalj.hr\/ps-dobrinj\/wp-json\/wp\/v2\/pages\/1736"}],"wp:attachment":[{"href":"https:\/\/os-omisalj.hr\/ps-dobrinj\/wp-json\/wp\/v2\/media?parent=167"}],"curies":[{"name":"wp","href":"https:\/\/api.w.org\/{rel}","templated":true}]}}

Povijest škole

<p style="text-align: right; font-family: Arial, Helvetica, sans-serif;">
<p style="text-align: right; font-family: Arial, Helvetica, sans-serif;">
<p><a href="https://os-omisalj.hr/ps-dobrinj/wp-content/uploads/2015/03/gradnja.jpg"><img loading="lazy" decoding="async" class="size-full wp-image-759 aligncenter" style="border: 0px currentColor;" src="https://os-omisalj.hr/ps-dobrinj/wp-content/uploads/2015/03/gradnja.jpg" alt="gradnja" width="217" height="221" /></a></p>
<h3 style="text-align: center;">POVIJEST ŠKOLE DOBRINJ</h3>
<p>Prva redovna škola u Dobrinju počela je s radom u studenome 1841. godine u kući župnika Antuna Kirinčića (starijeg) koji je ujedno bio i prvi učitelj.</p>
<p>Škola je 1841.  dobila javni značaj i od privatne pučke škole postala obćom pučkom školom. na pohađanje škole bial su obavezna djeca iz mjesta: Dobrinj, Hlapa, Soline, Klimno, Žestilac, Županje, Gostinjac, Sveti Vid, Sveti Ivan, Tribulje i jedan dio Krasa. Školske godine 1842/1843. osnovana je nedjeljna škola ili opetovnica. Školu su pohađali dječaci od 6 do 12 godina u prvom nižem tečaju i dječaci od 8 do 14 godina u drugom višem tečaju.</p>
<p>1847. godine sagrađena je školska zgrada do zvonika. Te godine u školu su upisane i djevojčice, a imenovana je i prva učiteljica Nikolina Depikolozvane. Sve do 1847. godine učitelji su bili isključivo domaći svećenici.</p>
<p>Naredbom namjesništva u Trstu 1869. prestaje crkvena uprava u školstvu, te svi školski poslovi prelaze u cijelosti na novoosnovano Pokrajinsko ili zemaljsko školsko vijeće za Istru sa sjedištem u Poreču u čijem su sastavu i škole na Krku.</p>
<p>1944. srušena je školska zgrada zajedno sa zvonikom.</p>
<p>Nakon rata popravljena je školska zgrada u kojoj su bili učiteljski stanovi i pretvorena u učionice. Na temeljima stare škole 1950. sagrađen je Zadružni dom i nove učionice.</p>
<p>1956/57. šestogodišnja škola dobrinj pretvorena je u osmogodišnju. Otvoren je 7. razred koji polaze učenici iz Polja, Risike, Krasa i Sužana. Učenici iz Garice na zamolbu školskog odbora Garice upućeni su u školu u Vrbniku.</p>
<p>Zbog povećanja broja učenika 1858/59. iznajmljena je od OPZ-e Dobrinj i druga učionica u Zadružnom domu. Rad se odvija u četiri učionice &#8211; četiri viša odjeljenja prije podne i dvaniža poslije podne.</p>
<p>Reorganizacijom školske mreže 1961/62. škola Dobrinj postaje područno odjeljenje škole Dubašnica. Na početku školske godine 1975/76. dolazi do ponovne reorganizacije školske mreže. Ukida se osmorazredna škola Dobrinj, tako da u Dobrinju ostaju samo četiri mlađa razreda a učenici viših razreda putuju u Vrbnik ili Malinsku. Škola Dobrinj postaje područno odjeljenje škole Vrbnik. radi se u dvije zgrade, a u svakoj po dvije učionice.</p>
<p>Na početku  1976. osniva se jedinstvena osnovna škola &#8220;17.travanj&#8221; sa sjedištem u Krku. U tu su se školu udružile škole Baška, Krk, Malinska Dubašnica, Punat, Omišalj i Vrbnik sa svojim područnim odjeljenjima. Svaka škola ima svojeg voditelja.  Dan škole je 17. travnja.</p>
<p>1987/88. zbog povećanja učenika u PŠ Dobrinj ukidaju se kombinirana odjeljenja.</p>
<p>1991. škola mjenja naziv iz &#8220;17. travnja&#8221; u Osnova škola &#8220;Fran Krsto Frankopan&#8221; a dan škole obilježava se 30. travnja.</p>
<p>1992. svečano je obilježeno 150 godina redovitog rada škole Dobrinj i tom progodom školu Dobrinj posjetio je doministar Ministarstva prosvjete i kulture RH Ivo Zalar. 1998. školu je posjetila ministrica prosvjete i športa RH prof. Ljilja Vokić. Tom prigodom zatražena je suglasnost za izgradnju nove školske zgrade.</p>
<p>U listopadu 2003. postavljeni je temeljni kamen za novu školsku zgradu.</p>
<p style="text-align: center;"><img loading="lazy" decoding="async" class="aligncenter" style="border: 0px currentColor;" src="https://os-omisalj.hr/ps-dobrinj/wp-content/uploads/2015/03/zajedno-300x39.png" alt="zajedno" width="300" height="39" /></p>
<p><span style="font-size: medium;"> </span></p>

<p>POVIJEST ŠKOLE DOBRINJ Prva redovna škola u Dobrinju počela je s radom u studenome 1841. godine u kući župnika Antuna Kirinčića (starijeg) koji je ujedno bio i prvi učitelj. Škola je 1841.  dobila javni značaj i od privatne pučke škole &hellip; <a href="https://os-omisalj.hr/ps-dobrinj/primjer-stranice-2/povijest-skole/">Nastavi čitati <span class="meta-nav">&rarr;</span></a></p>
